045 a multiple of 505?
True
Is 13533807 a multiple of 67?
False
Does 51 divide 627882318?
True
Is 238813831 a multiple of 19?
True
Is 56986556 a multiple of 124?
True
Does 614 divide 51385046?
True
Is 980423570 a multiple of 1361?
True
Is 59872586 a multiple of 1931?
True
Is 3 a factor of 289127019?
True
Is 108 a factor of 4986226?
False
Is 9749592 a multiple of 58?
False
Does 2216 divide 548475512?
True
Is 44805940 a multiple of 10?
True
Is 256201464 a multiple of 2500?
False
Does 1060 divide 22175200?
True
Is 2135 a factor of 2026709651?
False
Is 43 a factor of 779547?
True
Is 202 a factor of 51992376?
True
Does 6 divide 138560214?
True
Is 715578910 a multiple of 1753?
False
Is 662026989 a multiple of 9443?
False
Does 436 divide 10406012?
True
Is 23 a factor of 312889539?
True
Does 28 divide 321434624?
True
Is 13 a factor of 53453282?
False
Is 17374295 a multiple of 94?
False
Does 498 divide 197633185?
False
Is 28 a factor of 638788754?
False
Is 4969 a factor of 1447469700?
True
Is 139863412 a multiple of 72?
False
Is 7705680 a multiple of 8?
True
Is 1119 a factor of 9655851?
True
Is 84 a factor of 331737000?
True
Is 258320780 a multiple of 4?
True
Is 4 a factor of 235173967?
False
Does 28 divide 1825096?
True
Is 866 a factor of 685509146?
True
Does 11 divide 2113833375?
False
Does 478 divide 54526416?
True
Does 1944 divide 662143896?
True
Does 12 divide 8736377?
False
Does 230 divide 2693760?
True
Does 339 divide 61509516?
True
Does 162 divide 15888658?
False
Is 1026838728 a multiple of 216?
True
Is 4 a factor of 267710528?
True
Is 36100112 a multiple of 16?
True
Does 15 divide 385947758?
False
Is 1172002230 a multiple of 9135?
True
Is 426930738 a multiple of 1788?
False
Is 948 a factor of 529248885?
False
Is 49 a factor of 71996435?
True
Is 6119564 a multiple of 253?
True
Does 10 divide 1183762000?
True
Does 830 divide 412167210?
True
Is 7 a factor of 72628997?
True
Is 1764405193 a multiple of 1481?
False
Is 60 a factor of 25826591?
False
Does 72 divide 3687344?
False
Does 86 divide 185329497?
False
Does 1399 divide 1286843569?
True
Is 222 a factor of 372497691?
False
Is 2778 a factor of 744284648?
False
Is 2540 a factor of 26710640?
True
Does 5 divide 31094904?
False
Is 761987379 a multiple of 1983?
False
Is 130845154 a multiple of 24?
False
Is 14449965 a multiple of 111?
False
Is 269287738 a multiple of 2897?
True
Is 568456174 a multiple of 494?
True
Does 2213 divide 50668848?
True
Does 3744 divide 80823922?
False
Does 139 divide 728427832?
True
Is 5 a factor of 23171413?
False
Is 86538830 a multiple of 7?
True
Is 12 a factor of 632345873?
False
Is 291348652 a multiple of 4102?
True
Is 250 a factor of 54770079?
False
Is 35859168 a multiple of 288?
True
Is 46371067 a multiple of 486?
False
Is 1757438623 a multiple of 517?
False
Does 1537 divide 368224177?
False
Is 115530552 a multiple of 764?
True
Is 18154232 a multiple of 371?
False
Does 24 divide 24256152?
True
Is 17 a factor of 19616229?
False
Does 2 divide 49400602?
True
Is 122 a factor of 69867994?
False
Is 70902720 a multiple of 21?
True
Is 2023 a factor of 4301913723?
False
Is 15413742 a multiple of 886?
True
Is 1353 a factor of 501093084?
False
Does 6 divide 89426333?
False
Is 317055186 a multiple of 3843?
True
Does 4408 divide 221784112?
True
Is 8 a factor of 157624348?
False
Does 23 divide 2115436?
False
Is 24686737 a multiple of 19?
False
Is 835 a factor of 95113180?
True
Does 108 divide 318067003?
False
Does 250 divide 183841813?
False
Is 417 a factor of 25382317?
False
Does 283 divide 109199229?
True
Is 2 a factor of 2766592?
True
Is 28556914 a multiple of 38?
False
Is 9065 a factor of 1320062709?
False
Is 6 a factor of 310891000?
False
Does 614 divide 780103798?
False
Does 1605 divide 4652895?
True
Is 1420 a factor of 283358160?
True
Does 15 divide 265626744?
False
Is 17553872 a multiple of 4?
True
Is 14 a factor of 1477535682?
True
Does 7518 divide 126873768?
True
Is 101734173 a multiple of 8?
False
Is 144 a factor of 73779933?
False
Does 2687 divide 34018173?
False
Is 3281667606 a multiple of 5322?
True
Is 18 a factor of 63827982?
True
Is 79 a factor of 48942554?
True
Is 34845144 a multiple of 12?
True
Is 1615 a factor of 14627714?
False
Is 29 a factor of 430284242?
False
Is 16425622 a multiple of 3?
False
Is 120 a factor of 26986080?
True
Is 289037519 a multiple of 379?
False
Is 403749565 a multiple of 10?
False
Does 906 divide 69576758?
False
Does 843 divide 98276940?
True
Is 17 a factor of 7129194?
False
Does 1357 divide 6674931?
False
Does 495 divide 993412035?
True
Is 2779478 a multiple of 590?
False
Is 99 a factor of 467187924?
False
Does 97 divide 66213073?
True
Does 865 divide 159984704?
False
Is 104083280 a multiple of 560?
True
Does 218 divide 153014854?
True
Is 84595247 a multiple of 73?
True
Does 162 divide 217586088?
True
Does 37 divide 5427805?
False
Is 713 a factor of 30245765?
False
Does 26 divide 3714620?
True
Is 9 a factor of 5862711?
False
Does 120 divide 53226846?
False
Is 32764908 a multiple of 7428?
True
Is 41485912 a multiple of 2?
True
Is 2067 a factor of 93981050?
False
Is 39751804 a multiple of 28?
False
Does 7 divide 3657830?
False
Is 360198 a multiple of 128?
False
Is 20484073 a multiple of 5?
False
Does 23 divide 11278089?
False
Does 15 divide 56364557?
False
Does 1120 divide 938829241?
False
Does 36 divide 342941508?
True
Is 16956057 a multiple of 5?
False
Is 19134908 a multiple of 1378?
True
Is 90970380 a multiple of 307?
False
Does 3852 divide 1045779480?
True
Is 116 a factor of 125301344?
True
Does 8 divide 3730078?
False
Does 10 divide 143938183?
False
Is 10 a factor of 41688453?
False
Does 28 divide 44287631?
False
Is 67451980 a multiple of 7730?
True
Is 102 a factor of 16000128?
True
Is 7 a factor of 22149918?
True
Does 9 divide 48710016?
True
Is 429269233 a multiple of 324?
False
Is 272295413 a multiple of 13?
True
Is 26367869 a multiple of 133?
False
Does 7 divide 133603372?
True
Is 30 a factor of 16945170?
True
Does 55 divide 92218823?
False
Does 30 divide 3853632385?
False
Is 338 a factor of 132808312?
True
Is 245370 a multiple of 6?
True
Is 110 a factor of 15261486?
False
Is 357 a factor of 494523464?
False
Is 5 a factor of 195828703?
False
Is 1100233890 a multiple of 1191?
True
Is 263043927 a multiple of 5656?
False
Is 100695894 a multiple of 6?
True
Does 91 divide 42771357?
False
Is 10824296 a multiple of 101?
False
Is 157573439 a multiple of 607?
False
Does 54 divide 120578112?
True
Is 69 a factor of 944371605?
True
Is 324 a factor of 10463177?
False
Is 457 a factor of 10332580?
False
Is 6922786 a multiple of 203?
False
Is 75003411 a multiple of 26?
False
Does 2007 divide 48155384?
False
Does 860 divide 3996961800?
True
Is 5 a factor of 17347332?
False
Is 26663670 a multiple of 10?
True
Is 13 a factor of 90814274?
False
Is 1865025075 a multiple of 8948?
False
Is 117 a factor of 20943585?
True
Is 26913008 a multiple of 4?
True
Is 9 a factor of 16362441?
True
Is 265 a factor of 4857980?
True
Is 55047318 a multiple of 1652?
False
Does 953 divide 109902819?
True
Is 23 a factor of 581140770?
True
Is 13 a factor of 118811459?
True
Is 1390 a factor of 690588140?
True
Does 5047 divide 368304825?
True
Does 268 divide 523528888?
True
Does 19 divide 89303921?
False
Is 1666962162 a multiple of 1594?
True
Does 854 divide 1412984786?
False
Is 6 a factor of 2275176?
True
Does 161 divide 103731817?
True
Is 8260633 a multiple of 45?
False
Does 8949 divide 255332868?
True
Is 429 a factor of 5347101769?
False
Does 20 divide 287692820?
True
Is 1945508787 a multiple of 48?
False
Does 44 divide 64387808?
False
Is 4555403 a multiple of 113?
False
Is 3 a factor of 317531194?
False
Is 386 a factor of 18047430?
True
Is 41 a factor of 131974942?
False
Does 199 divide 977587268?
False
Does 944 divide 204441136?
True
Does 281 divide 1802329785?
True
Is 7 a factor of 735546?
True
Is 155 a factor of 6044232?
False
Is 2151144864 a multiple of 2916?
True
Is 149367702 a multiple of 19?
True
Is 12 a factor of 110184192?
True
Is 280 a factor of 331459359?
False
Is 586 a factor of 1888298?
False
Does 4 divide 65509452?
True
Is 1070512062 a multiple of 97?
False
Is 374977877 a multiple of 22?
False
Does 11 divide 707015?
False
Does 29 divide 437890691?
True
Is 1